*s + 9 = 0, -4*s = -13*b + 12*b + 25228. List the prime factors of b.
2, 5, 631
Suppose 0 = -2*h + 5*b + 2426, 5*h - b = 5337 + 774. Suppose -11*f = -6085 + h. List the prime factors of f.
2, 13, 17
Suppose 0 = -x - 2*x + 30. Let m be 5*(6/30)/(2/x). Suppose 3*c = -l + 144 + 21, -m*l = 0. List the prime factors of c.
5, 11
Suppose 0 = -h - 1 + 5. Let g be -48 + 0/(-3 + h). Let v = -8 - g. What are the prime factors of v?
2, 5
Suppose 0 = -470*h - 10906922 + 46337402. What are the prime factors of h?
2, 3, 349
Let y(v) = -31*v - 613. List the prime factors of y(-68).
5, 13, 23
Let j(f) = -f**3 + 83*f**2 - 38*f + 170. What are the prime factors of j(82)?
2, 1889
Suppose -53*d + 4753023 = 1052457. What are the prime factors of d?
2, 3, 431
Let m be 6 + (32 - 31)/(-1 + 2). Suppose 0 = 5*r - 2*x - 539, -m*r + 339 = -4*r + 4*x. List the prime factors of r.
109
Let m be (-6)/21 - 536/(-14) - -2. Let y = 30 - m. List the prime factors of (13*-1)/(y/50).
5, 13
Suppose 7*k - 223 = -27. Suppose 18*v = k*v - 270. List the prime factors of v.
3
Let k(d) be the first derivative of 4*d**2 + 20*d - 23. Let t be k(12). Suppose 260 = 2*h - 2*j, -2*j = -h + t + 17. List the prime factors of h.
127
Let c = -15859 + 23710. What are the prime factors of c?
3, 2617
Let h be (16 - 4)*1/2. Suppose 10*i + 656 = h*i. Let c = -80 - i. List the prime factors of c.
2, 3, 7
Let n be 183/(-244) + 38/8. What are the prime factors of (-1 + n + -1)/((-268)/(-139494))?
3, 347
Suppose j - 20 = i, -139 = -5*j + 3*i - 37. Let x be (-10)/(-8) + j/(-4). What are the prime factors of 137 - 2 - 16/((-16)/x)?
131
Let x(j) = -j**2 + 2*j + 36. Let d = 2 + 4. Let y be x(d). Suppose y*b = 10*b + 182. What are the prime factors of b?
7, 13
Let g(w) = -w**2 + 21*w - 4. Let p be g(20). Suppose -p*i - 5735 = -21*i. List the prime factors of i.
31, 37
Let b(p) = 1581*p - 822. List the prime factors of b(8).
2, 3, 73
List the prime factors of 1263/6*(-12772)/(-206).
31, 421
Suppose 5*r = -u - 7, 0 = -r + 4*r - 2*u + 12. What are the prime factors of 47/((-2)/(12/r))?
3, 47
Let r be ((-4 - -4)/(-4))/(-1 - 1). Suppose -5*d + 2534 = -p, -d + r*p - 4*p + 490 = 0. What are the prime factors of d?
2, 11, 23
Suppose 3792 = 4*s + 2*h, -3*h = 5*s - 5212 + 474. Let y = s + -173. List the prime factors of y.
3, 7, 37
Suppose 72952 = 3421*p - 3413*p. List the prime factors of p.
11, 829
Suppose -2*n - 85 = 5*x - n, 11 = -x + n. Let j(q) = 16*q**2 - 664*q + 201. Let w be j(41). Let d = x - w. List the prime factors of d.
3, 37
Let o(m) = 0*m**2 - m**2 + 7*m + 0 - 9 + 8*m**3 - 2*m**2. Let q be o(2). Suppose -g + 8 + q = -2*v, -4 = 4*v. List the prime factors of g.
3, 7
Let g(r) = 8*r + 22. Suppose 2*u = -2*u - 4, x - 5*u = 101. Let w = x - 86. List the prime factors of g(w).
2, 3, 17
Suppose -5*b - 4*q + 3*q = -5, -11 = 2*b + 3*q. Suppose -4*l + 9*l - 20 = 0, 5*l - 704 = -b*k. What are the prime factors of k?
2, 3, 19
Suppose -y = -8*y + 14. Suppose y*f = -2*d - 436, 5*d + 3*f + 232 = -848. What are the prime factors of (6/(-10))/(7 - d/(-30))?
2, 3
Let h = 1021 + -610. Suppose -2*k + 79 = h. Let i = -45 - k. List the prime factors of i.
11
Suppose 32*p = -57*p - 12*p + 1137866. What are the prime factors of p?
2, 43, 131
Let g = 125342 - 78821. What are the prime factors of g?
3, 1723
Let w = -54 - -59. Suppose -4*p = -p + 12, 4*c - w*p = 44. What are the prime factors of ((-2)/c)/(3*6/(-3618))?
67
Let u(d) be the first derivative of -17/2*d**2 - 26 + 35*d. List the prime factors of u(-7).
2, 7, 11
Let n(z) = -12*z**3 - 43*z**2 + 97*z + 28. List the prime factors of n(-18).
2, 7, 3881
Suppose 4*c = 2*k + 1982, -4*c - 6*k = -10*k - 1984. Let s = 158 + c. What are the prime factors of s?
653
Suppose 2*v - 6 = 0, 3*p + v + 3*v = 36. Suppose 0 = -d + p - 3. Suppose -2*a = d*g + 3*a - 235, 0 = 3*g + a - 139. List the prime factors of g.
2, 23
Let v(l) = 221*l**3 - 5*l**2 - 3*l + 7. Let u be v(1). Suppose 0 = -6*y + 3*y + 96. Suppose y*f = 27*f + u. List the prime factors of f.
2, 11
Suppose -3 = f + 5*n, f = 2*n - n + 3. Let z(i) = -13*i**3 - 2. Let b(v) = v**3 - v + 1. Let l(t) = f*b(t) + 2*z(t). What are the prime factors of l(-1)?
2, 3
Suppose -3*o + 9069 = 3*n, 2*o - 304*n - 6034 = -302*n. List the prime factors of o.
2, 5, 151
Let p(z) = 15*z**3 - 13*z**2 + 169*z + 31. List the prime factors of p(11).
2, 10141
Suppose 3*z = 5*i - 91434, 3*i - 54846 = -6230*z + 6227*z. List the prime factors of i.
3, 5, 23, 53
Suppose 6*t = 4*s + 3*t - 1431, 0 = -5*s + 5*t + 1785. Let y = 486 - s. What are the prime factors of y?
2, 3, 7
Let y be -12*4*5/40. Let k be 3*2/y - -4. Suppose -a + k + 29 = 0. What are the prime factors of a?
2
Suppose -7*x = -15*x - 48. List the prime factors of 14451/45 - x - 2/15.
3, 109
Let x(t) = 56*t**2 - 48*t - 689. What are the prime factors of x(-11)?
3, 5, 7
Suppose 126 - 2560 = 5*h - j, 2*j - 485 = h. Let p = -379 - h. What are the prime factors of p?
2, 3
Suppose 66*r - 60384 = -8*r. List the prime factors of r.
2, 3, 17
Let j be (9/12)/(-1*(-2)/8). Suppose 2*d - j*u + 66 = 5*d, -u - 110 = -5*d. List the prime factors of d.
2, 11
Suppose -5*b - 1406 = -5486. Let r be (1 + 1)/(12/b). Suppose 2*w - r = -3*g + 316, 3*g - 4*w = 428. List the prime factors of g.
2, 37
Suppose -263*b = -259*b - 40. Suppose 9*t = b*t + 3*k - 392, -4*k + 1536 = 4*t. List the prime factors of t.
2, 5, 19
Suppose 0 = 181*x - 182*x + 144. Suppose 4*u - 2*u = x. What are the prime factors of u?
2, 3
Let u be (-6)/12 + (-5)/(-2). Suppose 2*x = -2 + 8. List the prime factors of (x - 3) + 42/u.
3, 7
Let g(o) = 388*o**2 + 3*o. Suppose -4*r + 88 - 92 = 0. What are the prime factors of g(r)?
5, 7, 11
Let y = -511 - -966. List the prime factors of y.
5, 7, 13
Suppose 13*r - 440 = 15*r. Let g be (16/(-10))/((-4)/r). Let w = 2 - g. List the prime factors of w.
2, 3, 5
Let y be 1/5*(-6 - -21). Suppose 8 + 1 = -y*b, -2*b = 2*z + 278. Let k = 9 - z. What are the prime factors of k?
5, 29
Suppose -p = -2*a - 2 + 4, 5*a = -3*p - 6. Suppose b + 28 - 22 = a. Let y(m) = -21*m - 23. List the prime factors of y(b).
103
Suppose 268 - 60 = 8*w. Suppose v + 27 - w = 0, 0 = 3*d + 2*v - 3823. What are the prime factors of d?
3, 5, 17
Suppose 13*d - 9*d = -24. Let c(v) = v**3 + 7*v**2 + 6*v. Let z be c(d). Suppose z = -24*f + 25*f - 44. What are the prime factors of f?
2, 11
Let u = 31274 + -28332. What are the prime factors of u?
2, 1471
Let m = 156103 - 87150. List the prime factors of m.
53, 1301
Suppose -35*v - 119748 = -29*v - 23*v. List the prime factors of v.
2, 3, 587
Let h = 106 - 75. Let a = h - 18. Suppose 0 = a*k - 9*k - 280. What are the prime factors of k?
2, 5, 7
Let q(r) = -r**3 - r**2 + 3*r + 2. Let g = -14 - -12. Let d be q(g). What are the prime factors of (19 - 0) + 3 + d?
2, 11
Suppose 0 = -k - 5*g + 5, -3*k + 35 = g - 6*g. Suppose r - y = 995, -13*r - 3*y + 2967 = -k*r. What are the prime factors of r?
2, 31
Suppose -20*i + 30940 = 32*i. What are the prime factors of i?
5, 7, 17
Suppose -3*w + 2*w + 208 = 5*s, -2*w + 4*s + 444 = 0. Suppose 2*j = w + 54. Let r = j - 15. What are the prime factors of r?
11
Let f(x) be the third derivative of -x**5/60 + 13*x**4/12 - 65*x**3/6 - 24*x**2. List the prime factors of f(12).
103
Suppose 378*y + 2*q - 13818 = 374*y, 2*q = 2*y - 6906. List the prime factors of y.
2, 11, 157
Let z = 17174 + -11424. What are the prime factors of z/14 + 4/14?
3, 137
Suppose m - 986 = -3*h, -2*h - m + 672 = -4*m. Suppose -333*s = -h*s - 978. List the prime factors of s.
2, 163
Let p(v) = 4477*v - 1031. List the prime factors of p(4).
7, 2411
Suppose -85*a + 88*a = -9. Let b(p) = 8 + 5*p + 3 + 0*p + 3*p + 3*p**2. What are the prime factors of b(a)?
2, 7
Let z(j) be the first derivative of 65*j**4/24 + j**3/2 + 14*j**2 + 10. Let u(l) be the second derivative of z(l). What are the prime factors of u(2)?
7, 19
List the prime factors of ((-2)/(-4)*3349)/(((-130)/(-100))/13).
5, 17, 197
Suppose 7*y - 75796 = 2*v, y - 2*v + 10828 = 2*y. What are the prime factors of y?
2, 2707
Let z = -3 - -9. Suppose -2*g - 2*s + z = 0, -s = 5*g - 0*s - 15. Suppose 2*l = -5*b + 303, g*b = 3*l - 0*l - 402. What are the prime factors of l?
139
Let l(u) = 4*u**3 - 35*u**2 + 3*u - 120. Let d be l(9). Suppose 0 = 4*c - 0*c 